12/(-30) + h/(-5)) is divided by c?
25
Let k(x) = 2*x + 43. Let w be k(-14). What is the remainder when w/((-225)/(-10)) + (-296)/(-6) is divided by 16?
2
Let h(n) = 6*n - 31. Let m be h(6). Suppose 5*q + 5*b - 65 = 50, -111 = -m*q - 3*b. What is the remainder when 79 is divided by q?
16
Let d(v) = 95*v - 8621*v**2 + 4 - 15 + 8618*v**2. What is the remainder when 456 is divided by d(31)?
48
Suppose 0 = y - 4*y + b + 1738, 3*y - 2*b - 1736 = 0. Calculate the remainder when y is divided by 91.
34
Suppose -16*b + 91 = -32 + 11. What is the remainder when 755 is divided by b?
6
What is the remainder when (78/4)/(68/3128) is divided by 81?
6
Suppose 2*q = z - 2*z, 0 = 4*z - 4*q - 24. Suppose z*l + 8 = 0, -3*w = -6*l + l - 16. Calculate the remainder when 47 is divided by ((-200)/(-32))/(w/8).
22
What is the remainder when ((-7)/(-18) - (-87)/(-174)) + 16417/9 is divided by 203?
200
Let h = 7649 + -6098. What is the remainder when h is divided by 1543?
8
What is the remainder when 408 is divided by (-642)/(-8) - 438/(-584)?
3
Let y = -10542 - -15936. What is the remainder when y is divided by 76?
74
Suppose -6*h + 28 = 10. Let z be (-4 - -1156)/3 - h. Suppose 199 + z = 10*v. Calculate the remainder when v is divided by 12.
10
Let h(r) = -201*r**2 - 2*r - 1. Let p be h(2). Let v = 859 + p. Calculate the remainder when v is divided by 13.
11
Let s = -93 - -97. Suppose -3*m + 2*m - 28 = -4*d, 4*d = -s*m - 212. Calculate the remainder when 23 is divided by (-1 - m/4) + 1.
11
Let i(t) = 14*t**3 - 3*t**2 + 15. Let p be i(3). Let j = -333 + p. Calculate the remainder when j is divided by 6.
3
Let l(j) = -843*j - 139. Calculate the remainder when l(-1) is divided by 118.
114
Suppose 4 = -m + 2*z - 4*z, 2 = -5*m - 4*z. Let o be ((-3)/6)/(m/100). Let b = 37 + o. What is the remainder when 19 is divided by b?
7
Let k(b) = b**3 - 37*b**2 + 205*b + 174. Suppose -5*s + 739 = -206. What is the remainder when s is divided by k(30)?
21
Let p(l) = l**2 - 7*l + 21. Let y(i) = -3*i + 72. Let o be y(24). Calculate the remainder when 62 is divided by p(o).
20
Let d be -39*4/(-6) - 1. Suppose -m + d - 6 = 0. Calculate the remainder when -3*(4/(-20) + 1086/(-45)) is divided by m.
16
Let t(v) = 186*v**2 - v - 10. What is the remainder when t(3) is divided by 34?
29
Calculate the remainder when 571 is divided by 40/(14 - 9) + 8*1.
11
Suppose -3*y + 18 = 3*k, -3*y + 13 = -0*y + 4*k. Calculate the remainder when 1988 is divided by y.
8
Let b(i) = 146*i**2 + 175*i + 175. What is the remainder when 271 is divided by b(-1)?
125
Suppose 1198 = 3*k - 63*k + 3298. Let s = 47 - -31. What is the remainder when s is divided by k?
8
Let u = 216 - 94. Let o = 240 - u. Suppose -60*n - o = -62*n. Calculate the remainder when n is divided by 16.
11
Suppose -2*l + 303 = 3*z, -127*l = -132*l - 2*z + 752. Calculate the remainder when l is divided by 26.
20
Let u = 4214 + -4138. What is the remainder when u is divided by 5?
1
Let i(o) = o**3 + 13*o**2 - 15*o - 39. Let r be i(-13). Suppose 5*y = r - 1. What is the remainder when 212 is divided by y?
26
Let k(w) = w - 12. Let a be k(17). Suppose -a*o = 2*r - 131, 5*o = 4*r - r - 259. What is the remainder when r is divided by 10/((0 - -3) + (-5)/2)?
18
Let k(y) = -62*y**3 - 3100*y**2 - y + 44. Let i = -3 - -5. Suppose i*w - 42 - 6 = 0. What is the remainder when k(-50) is divided by w?
22
Let c be 10*(21/(-2))/7. Let k = -12 - c. Let v(n) = 5*n - 8. What is the remainder when v(5) is divided by k?
2
Calculate the remainder when (-127)/((-196)/63 + 3) is divided by 11.
10
Suppose -4*n = n + 25. Let b = n + 68. Let a(q) = 9*q - 437. Calculate the remainder when b is divided by a(50).
11
Let u be (-8)/((-40)/(-4045)) - -1. What is the remainder when (u/(-40) + 3)/(2/15) is divided by 36?
30
Suppose 3*h = 2*n - 62, n + 72 = -3*h - 2*n. Let f = -194 - -250. Calculate the remainder when f is divided by (-165)/h*2*1.
11
Calculate the remainder when 308/(-35)*(-3430)/28 is divided by 30.
28
Suppose 104 = 8*x, -3*n + 5 = 3*x - 73. Let h(j) = j**2 + 5*j + 5. Let m be h(-4). Calculate the remainder when -1 + 1 - m*-26 is divided by n.
0
Suppose 519 + 178 = 5*w + 36*w. Suppose 5*g = b - 132, 2*b - 237 = 3*g - 2*g. Calculate the remainder when b is divided by w.
15
Let v(x) = 8*x**2 + 3*x + 2. Suppose 18 = -4*y + 42. Suppose 24 = 2*z - 5*k, 50 + y = 2*z + 3*k. Calculate the remainder when v(3) is divided by z.
17
Let k = 37148 - 19315. Calculate the remainder when k is divided by 98.
95
Let b be ((-5)/(-3))/(70/252). Calculate the remainder when -1 - 1 - ((-1752)/b)/4 is divided by 27.
17
Let q(s) = 128*s + 1057. Let y be 4/(-10) - (-4)/10. Suppose y = -j - 0*j + 98. Calculate the remainder when j is divided by q(-8).
32
Suppose 40*s + 693 = 51*s. Suppose 3*y - 6*y - 45 = -3*l, 4*l = y + s. Calculate the remainder when 190 is divided by l.
14
Let n(d) be the first derivative of 2*d**3/3 - 10*d**2 + 20*d + 70. What is the remainder when 73 is divided by n(10)?
13
Suppose -3*n - 7*m + 8*m + 628 = 0, -849 = -4*n - m. Suppose 436 = 3*u + 4*q - 204, q = u - n. Calculate the remainder when u is divided by 18.
14
Let b(p) = 50*p**2 - 37*p - 27. Calculate the remainder when b(5) is divided by 16.
14
Suppose 9*k = 4*k + 255. Let n be (-1578)/(-18)*(-4 + 1). Let l = n - -290. What is the remainder when k is divided by l?
24
Let u = 38 + -24. Suppose -3*h - 4*t = u - 51, -h - 4*t + 15 = 0. Calculate the remainder when 63 is divided by h.
8
Suppose -7*y - 26 = 44. What is the remainder when -5*54/y*1 is divided by 17?
10
Calculate the remainder when -3 + 5 - 8 - (3 + -136) is divided by 9.
1
Let v = 7564 + -7557. What is the remainder when 11359 is divided by v?
5
Let l(f) = f**2 + 10*f - 6. Suppose 492 = 57*k - 249. What is the remainder when l(-13) is divided by k?
7
Suppose -1633*g + 1534 + 532 = -1631*g. What is the remainder when g is divided by 208?
201
Suppose 3*z + 4*y = 3302, 14*y = 3*z + 11*y - 3309. Suppose 0 = -6*h + 1612 - z. Calculate the remainder when 165 is divided by h.
80
Let x(j) = j**2 - 3*j + 1. Suppose 0 = 8*l - 10 - 30. Calculate the remainder when (1 + l)*(-5 + 5 + 3) is divided by x(5).
7
Let p = 8081 + -5234. What is the remainder when p is divided by 46?
41
Suppose 36 - 1 = 5*s. Suppose -12*d + 10*d = 2*r - 388, 4*d - 3*r - 804 = 0. Suppose -12*g = -102 - d. Calculate the remainder when g is divided by s.
4
Suppose 5*p - 3*j - 314 - 1150 = 0, -5*j = 5*p - 1480. Suppose 210 = 12*d - p. Calculate the remainder when 89 is divided by d.
5
Let r(t) = -4*t**2 - 2*t + 3. Let b be r(2). Let l(j) = -2*j - 21. Let q be l(b). Let p = q + -2. Calculate the remainder when 43 is divided by p.
10
Let o = 40339 - 39284. What is the remainder when o is divided by 343?
26
Suppose -2*n + 10 = -7*n. Let s(v) = -2 + v + 3 + 5 + 1. Calculate the remainder when 8 is divided by s(n).
3
Let y be (32/(-4) - -6) + (323 - 1). Suppose 0 = -31*s + 35*s - y. What is the remainder when s is divided by 21?
17
Let g = 2419 - 618. Calculate the remainder when g is divided by 106.
105
Let u = -727 + 1072. Suppose 10*h - 5*h = -u. Let n = h + 142. Calculate the remainder when n is divided by 21.
10
Suppose 42 = b + 2*b. Suppose 5*w = b*w - 90. Suppose -2*u - w + 16 = 0. Calculate the remainder when 3 is divided by u.
0
Let o be (-588)/18 - (12/9 - 1). Let u = 3 - o. What is the remainder when 9 is divided by u/81*(-18)/(-4)?
1
Let w be (-2)/4*14/1. Let j(o) = o**2 + 6*o + 9. Suppose -c + h + 44 = 0, -h = -6 + 5. Calculate the remainder when c is divided by j(w).
13
Let w = -14119 + 14189. What is the remainder when 378 is divided by w?
28
Suppose 5*c + 5*p = 405, 4*p - 90 = -c + 6*p. What is the remainder when 232 is divided by c?
64
Let w = -24933 + 24964. Suppose 25 = -3*k + 8*k. Let l(z) = 2*z**2 + 8*z - 4. What is the remainder when l(k) is divided by w?
24
Let v(f) = f**3 + 3*f**2 - 9*f + 2. Let b(c) = -29*c + 24 + 26*c - 7. Let m be b(7). What is the remainder when v(m) is divided by 14?
8
Let w = 7 - 5. Let a = -869 - -874. What is the remainder when 6/1 - w/(-2) is divided by a?
2
Suppose -2*q + v = 149 + 5, 0 = -v. Let d = q - -137. Suppose 224 = -1306*f + 1320*f. What is the remainder when d is divided by f?
12
Let o = -99 + 608. Suppose 5*p - 3*q + 171 = 6*p, 3*p 